divisor of c and 26.
26
Suppose -4*i = -0*i. Let c(z) = 13*z - 3. Let a be c(3). Let k be (a - i)/(3/4). Calculate the greatest common divisor of k and 12.
12
Suppose -190 = 4*k - 7*k - w, 60 = k + 2*w. What is the greatest common divisor of k and 16?
16
Let b be 20 - -4*1/(-2). Let l(n) be the first derivative of n**4/2 - 2. Let a be l(1). Calculate the greatest common factor of b and a.
2
Let b(t) = t**3 - 5*t**2 + t. Let j be b(6). What is the highest common factor of 12 and j?
6
Let c(h) = -h**3 - h + 110. Let j be c(0). Calculate the highest common factor of j and 10.
10
Let w(d) be the first derivative of -d**3/3 - 5*d**2/2 + d - 2. Let j be w(-3). Suppose 5*k - 4*k = 7. Calculate the greatest common divisor of k and j.
7
Let j = -73 + 205. Calculate the greatest common factor of j and 88.
44
Let d = 6 + 3. Let n(r) = -81*r**3 + r**2 + 2*r + 1. Let q be n(-1). Calculate the greatest common factor of d and q.
9
Let z be ((-2)/(-3))/((-26)/(-195)). Suppose -5*j - w = -57, z*w + 6 = -9. Calculate the greatest common divisor of j and 12.
12
Let y(f) = f**3 + 2*f**2 - 2*f + 1. Let z be y(-2). Let k be 2/6 - 22/(-6). Suppose j + k*j = 100. What is the highest common divisor of z and j?
5
Let o be (-846)/(-8) + (-4)/(-16). Suppose 2*w = 8, 3*w = 3*f + 2*w + 178. Let v = f + o. Calculate the highest common divisor of 12 and v.
12
Let y = -3 + 3. Let h = y + 2. Suppose 5*c = 2*c + 15. Calculate the greatest common factor of h and c.
1
Let d(h) = h**3 + 2*h**2 - 2*h + 2. Let v be d(2). Suppose -v = b - 2*b. Calculate the greatest common divisor of b and 35.
7
Suppose 0*q - 2*q = 0. Let z be (-5 + 4)*(-4 - q). What is the greatest common factor of z and 44?
4
Suppose j = 14 + 8. Calculate the highest common factor of j and 11.
11
Let b = 214 + -114. Let y(f) = -f**3 - f**2 + f + 1. Let g be y(0). Let t be (g - -49)*(-24)/(-60). What is the highest common divisor of t and b?
20
Suppose 4*m - k - 11 = 0, 3*m = -m - k + 5. Let v = 16 + -6. Calculate the highest common factor of v and m.
2
Let r be (-424)/(-10) - 6/(-15)*-1. What is the greatest common factor of 56 and r?
14
Suppose 0 = 2*h + 6*h - 160. Calculate the greatest common factor of h and 20.
20
Let x(a) = 7*a**2 + a. Let b be x(-2). Calculate the greatest common factor of 39 and b.
13
Let t be (-16)/(-12)*66/4. What is the greatest common factor of t and 2?
2
Let f(i) = 21*i**3 + 3*i**2 - 6*i + 2. Let w be f(2). Calculate the greatest common factor of 20 and w.
10
Suppose -9*g = -2*g - 245. What is the highest common factor of 5 and g?
5
Let r(h) = -11*h**3 - h**2 - 3*h - 1. Let v be r(-1). Let w be 18/27 - 52/(-3). What is the highest common factor of w and v?
6
Suppose -5*l + 4*x = -23, 11 = l + x - 5*x. Suppose -5*p + f + f = -116, 2*p + l*f = 54. Calculate the greatest common divisor of 3 and p.
3
Let n(d) = 0*d**3 - 2*d**3 + 3*d**3 + 7*d**2 + 5*d - 4. Let z be n(-6). Suppose -z*t = -45 - 15. What is the highest common factor of t and 75?
15
Suppose -2*g + 3*o = -24, 4*o - 1 = -4*g + 27. Suppose 0 = 10*l - 49 - 11. Calculate the greatest common factor of l and g.
3
Let o be (-3 + 13/3)/(12/288). What is the greatest common divisor of o and 48?
16
Suppose -4*x = 2*a - 42, -a - 24 = -4*x + 3*a. Let j be x/(-6)*-15*2. Let s = j + -27. What is the highest common divisor of s and 12?
6
Let v(q) = q**3 + 7*q**2 - 6*q - 7. Let l be v(-8). Let i = 47 + l. What is the greatest common divisor of i and 36?
12
Let p(d) = d**2 - 8*d + 6. Let b be p(6). Let h be ((-9)/b)/((-9)/12). Let f be h*-6*(-3)/(-4). What is the highest common divisor of 81 and f?
9
Let w(n) = -n + 61. Let m be w(-16). Calculate the highest common divisor of 7 and m.
7
Suppose 5*v - 12 - 13 = 0. Suppose -3*h = -v*l + 85, -l + 0*l = -4*h. Let b be l + (-2 - 0/(-1)). Calculate the highest common divisor of 9 and b.
9
Let h(d) = -24*d + 3. Let m be h(-7). Let w(l) = 2*l + 13. Let y be w(3). Calculate the greatest common divisor of y and m.
19
Let v be 4/10 + (-52)/(-20). Calculate the greatest common factor of v and 1.
1
Let g(u) = u**3 - 6*u**2 - 6*u - 1. Let s be g(7). Let h(d) = -s + 5*d - 2*d - 2*d + d. Let j be h(4). Calculate the greatest common factor of j and 8.
2
Suppose 0 = 17*y - 416 - 2219. What is the greatest common divisor of 62 and y?
31
Suppose -5*x + 2*x + 399 = 0. Suppose 0*u + 2*u = -3*b + 32, 5*u - 3*b = 101. Calculate the greatest common divisor of x and u.
19
Let q be -15*(-3 - 28/(-12)). Calculate the greatest common divisor of q and 90.
10
Suppose -m - 4*m + 170 = 0. Let a(q) = 2*q**2 - 2*q + 1. Let u be a(7). What is the highest common divisor of m and u?
17
Suppose -7*n + 511 - 77 = 0. What is the greatest common divisor of 31 and n?
31
Suppose 0*u + 42 = 3*u. Let l = -175 + 245. What is the greatest common divisor of u and l?
14
Let o = -29 - 4. Let t = 58 + o. Calculate the greatest common divisor of 75 and t.
25
Let u(a) = 4*a**2 + a. Let c be u(1). Suppose -c*v + 76 = -j, -4 = j - 2*j. Let z = v + -8. Calculate the highest common divisor of z and 2.
2
Suppose 2*d + 4*v = -0*d - 20, -5 = 4*d + v. Let o be (0 + d)*3/6. Suppose o = 2*w - w - j - 18, -w = 3*j - 6. What is the highest common divisor of w and 165?
15
Let y = 195 + -105. Suppose -d - 2*v = -y, -3*d + 4*v + 148 = -112. What is the highest common factor of 8 and d?
8
Suppose 2 + 43 = 2*k - h, 0 = 3*k + 2*h - 78. Suppose 4*n - 4*s - 56 = 0, -2*s - 2*s + 40 = 4*n. What is the greatest common factor of k and n?
12
Suppose 179 = 5*l + p, -2*l + 89 = -4*p + 35. What is the greatest common factor of l and 14?
7
Let j be 2*((-251)/(-2) - -1). What is the highest common divisor of j and 23?
23
Let a be ((-126)/35 - -4)/(2/640). Calculate the greatest common divisor of a and 16.
16
Suppose -h = -131 + 1. What is the highest common divisor of h and 10?
10
Suppose -136 = -s - 3*s. Let i = 30 + s. Let k(h) = 15*h**2 - h. Let g be k(-1). Calculate the greatest common factor of g and i.
16
Let q be -3 + 1 + (-11)/(-1). Suppose -5*j = -5*k + 720, 139 + 25 = k - 5*j. Suppose -5*i + 356 = -k. What is the highest common divisor of i and q?
9
Let q(n) = n**3 - 4*n**2 + 5*n - 6. Let y be q(4). Calculate the highest common factor of 70 and y.
14
Suppose c + 20 = 68. Let b be 3/((-3)/((-126)/2)). Suppose -2*t = -3*u + c, 6 = 4*u - t - b. Calculate the highest common divisor of 9 and u.
9
Suppose -3*q = -2*q + 5*h + 4, 3*q - 4*h = 83. Suppose y + q = 3*x, 2*x - 3*y - 19 = -4*y. What is the greatest common divisor of 2 and x?
2
Let q(a) = -a - 2. Let n be q(-6). Suppose n = -3*x + 19. Suppose 2*o + 65 = 4*c + x, -3*c + 3*o + 42 = 0. What is the greatest common factor of c and 2?
2
Let h be 3 - 0 - -1 - 1. Let u be 1/3 - (800/(-6))/5. Calculate the highest common divisor of h and u.
3
Let c(b) = -b + 8. Let h be c(4). Suppose -h*v - 3*p = -57, -p = -4*v - 5*p + 52. What is the highest common factor of v and 12?
6
Let c(m) = -2*m**3 + 9*m**2 - 4. Let l be c(4). Let u = 277 + -181. What is the highest common factor of u and l?
12
Suppose 0*q = 3*q - 18. Let t(o) = -o**2 - 3*o + 6. Let c be t(-4). What is the greatest common divisor of q and c?
2
Suppose -6*q = -8*q + 20. Calculate the greatest common divisor of 50 and q.
10
Suppose -17 = -3*a - 4*o + 11, -4 = -4*a + 3*o. Suppose -k = -a*k - 6, -5*t - 3*k + 19 = 0. Calculate the greatest common divisor of 2 and t.
1
Let o be 48 + 11 - (-1 + 5). Calculate the greatest common factor of 11 and o.
11
Let r = 2 + 0. Let n be -5*63*r/(-5). What is the highest common factor of 14 and n?
14
Suppose 3*j + 5*u + 22 = -7, 0 = -2*u - 8. Let n be 4/6 + (-37)/j. Let m = -5 + n. Calculate the greatest common factor of 56 and m.
8
Suppose 0*t = -t + 80. Let f be 13 - 5/(10/6). What is the greatest common factor of f and t?
10
Let i(q) = -9*q**2 + 2*q - 1. Let j(p) = -p**2 - 8*p + 1. Let g be j(-8). Let a be i(g). Let k be (2/a + 1)*4. Calculate the highest common divisor of k and 33.
3
Let c(t) = -t**2 - 13*t - 5. Let u be c(-8). Suppose -80 = -2*k - 4*a, k - 2*k - a + u = 0. What is the greatest common divisor of k and 15?
15
Suppose 0 = 4*i - 278 - 466. Let n be 0 - 2 - -4 - i. Let b = 296 + n. What is the highest common factor of b and 14?
14
Let j(x) = -20*x**3 - 1. Let l = -12 - -11. Let t be j(l). What is the greatest common 